 = -12238 + 12283. What is the highest common divisor of x and 6165?
45
Suppose 0 = -59*b + 101 + 17. Suppose 4*y = -m - 34 + 51, 4*m + b*y = 40. What is the greatest common divisor of 45 and m?
9
Let x be -20 - (20 + -56) - -8. Calculate the highest common divisor of x and 8328.
24
Let i be 27*9 + -92 + 98. Suppose 36*h - r = 33*h + 193, -4*h + 3*r + i = 0. What is the highest common divisor of h and 30?
6
Suppose -2*h - 14*h - 8*h = 0. Suppose 4*r + 8 = -2*q + 52, h = -r - 2*q + 14. What is the greatest common divisor of r and 170?
10
Let h = 7215 + -5990. What is the highest common factor of 91 and h?
7
Let b(i) = -2*i**2 + 79*i - 194. Let h be b(8). What is the highest common factor of 230 and h?
10
Suppose 4*r - 2*p = 24634, 87*r - 84*r - 18493 = -p. What is the greatest common divisor of 790 and r?
158
Suppose 0 = 6*m - 5*m - 42. Suppose -c - 5*r + m = 0, r + 78 = -7*c + 10*c. Calculate the highest common divisor of c and 27.
27
Let t = 18 + 4. Suppose -v + 2*v + 5*a - 29 = 0, -2*v + t = a. Suppose -12 + 8 = 10*l - 14. Calculate the highest common factor of v and l.
1
Let d = -5 + -64. Let i = 27 + d. Let l be (i/(-8))/(21/140). Calculate the greatest common divisor of 385 and l.
35
Suppose -5*a + 2075 = 5*y, -a - 7*y = -y - 455. What is the greatest common divisor of a and 187?
11
Let m be 7/(-21)*(6 + 2355). Let i = -553 - m. What is the highest common divisor of i and 54?
18
Let p = -164 + 195. Suppose -p - 5 = -9*b. Calculate the highest common factor of b and 4.
4
Let f(z) = -121*z - 1323. Let v be f(-11). Calculate the greatest common divisor of v and 152.
8
Let n be (-570)/5 + (-12 - -5). Let h = n + 229. What is the highest common factor of h and 84?
12
Let l(c) be the first derivative of -53*c**2/2 + 19*c + 118. Let m be l(-4). What is the greatest common divisor of 33 and m?
33
Let m(t) = 80*t**2 + 150*t - 14. Let g be m(-4). What is the greatest common factor of 27 and g?
9
Let c(f) = -f**2 - 5*f + 14. Suppose 42 = -5*r - r. Let w be c(r). Let i be 3/(w/4 + 1). What is the highest common factor of 3 and i?
3
Suppose -119*k + 59912 + 4666 + 1467 = 0. Let y = -30 - -67. What is the greatest common factor of y and k?
37
Suppose 4*a - 16*j - 120 = -14*j, -j + 68 = 2*a. Calculate the greatest common factor of a and 88.
8
Suppose 0 = -3*s + 12, 0 = -n - 7*s + 4*s + 66. Let x be 81/n - (-54)/4. What is the highest common divisor of x and 480?
15
Suppose 0 = 4*x - 12, -5*y - x - 3*x = 8. Let d be -3 - (-84)/(y + 5). Calculate the highest common factor of 27 and d.
27
Suppose 4*m - 2*g = 84, m - 50 = -m + 3*g. Let v = m + -14. Let r be (6 - 2) + v + 3. Calculate the greatest common divisor of r and 4.
4
Let j(w) = 310*w**2 + 109*w + 909. Let h be j(-9). Calculate the highest common divisor of h and 234.
234
Let h be (-10 + 9)/((-4)/56). Suppose 546 = h*n - 378. Suppose u + 2 = 8. Calculate the greatest common factor of n and u.
6
Let c be 30/50 + 17976/40. Let y be 1 + 42 - (-3 - -1). Calculate the greatest common divisor of c and y.
45
Let k = -14172 - -14352. What is the greatest common factor of 1470 and k?
30
Let u = 8184 - 7394. What is the highest common divisor of 30 and u?
10
Let k be 9*(10/3 - 0). Suppose -102 - 23 = -5*i. Suppose 1350 = i*l + 5*l. What is the greatest common divisor of k and l?
15
Let v be (2 + (-188)/(-6))/(((-527)/(-612))/31). What is the greatest common factor of v and 45?
15
Let g = 34874 - 27754. Calculate the highest common divisor of 356 and g.
356
Suppose -4*r - 5*q = 26, 16 = -5*r + q - 31. Let i be (15 + -35)*(r/(-3) - 5). Calculate the highest common divisor of 720 and i.
40
Suppose 3*f - 5*v - 71 = 0, 4910*f - 16 = 4911*f + 4*v. Let o = -19 - -31. What is the greatest common divisor of f and o?
12
Suppose -20 = 5*b, 4*b + 0*b - 11 = -3*n. Suppose -4*d - n*d = -273. What is the highest common factor of 12 and d?
3
Suppose 4*x + 3*q - 271 = 0, -2*q - 310 = x - 6*x. What is the greatest common divisor of 1072 and x?
16
Let w = 11 - 10. Let d be 54/7 + (-40)/(-140). Suppose 8 = 9*p - d*p. Calculate the highest common divisor of p and w.
1
Suppose 0 = -6*o - 51 - 81. Let m be (-9)/36 - o/(-8). Let l be (4 - 1)*(-2)/m. Calculate the highest common divisor of 5 and l.
1
Suppose 2*z - 4062 = 3*a - 321, -2*z + a = -3739. What is the highest common divisor of 168 and z?
21
Let h be -14*(-13)/4*(0 - -2). What is the greatest common factor of 32 and h?
1
Suppose -5*r + 77 = 2*t + 5, 0 = 5*t - 5. Suppose -3*x - 2*v = -238, 5*x + r*v - 384 = 17*v. What is the highest common divisor of x and 91?
13
Let o = -7010 - -7307. Calculate the highest common divisor of o and 341.
11
Let b be (-510225)/(-1350) - 7/(-126). What is the greatest common factor of 1836 and b?
54
Let f = -43 - 1. Let w be -1*(2 - 5) - (-117 - f). What is the highest common factor of 4 and w?
4
Suppose 2*v - d - 7 = 3*v, v = 3*d + 5. Let w = 0 - v. Suppose 4*j = 3*j - 3*q + 191, 0 = -w*j - 3*q + 746. Calculate the greatest common factor of 74 and j.
37
Let n = -52 - -52. Suppose 5*p + 4*c = -13 + 113, -2*p + 5*c + 73 = n. Suppose 54 = 2*z + z. What is the highest common divisor of p and z?
6
Let d = 2926 + -2766. Calculate the greatest common factor of 576 and d.
32
Let n be (1 + -1 - 39)/(21 - (-84723)/(-4030)). What is the greatest common factor of n and 30?
10
Suppose -2*h + 463 = 4*p - 4205, 2*p = 5*h - 11658. What is the highest common factor of 44 and h?
44
Let j be (-2)/((-130)/38 - -3)*8. Suppose 12*t - 14*t + 14 = -2*g, 4*t + g - j = 0. Calculate the greatest common factor of t and 927.
9
Let s be (-436)/(-6) - 36/54. Let a = -927 - -936. Calculate the highest common divisor of s and a.
9
Let v be (-798)/(-9) - 70/105. Calculate the greatest common divisor of v and 275.
11
Suppose 4*b + 19 = 2*b - j, 4*j - 4 = 2*b. Let m(p) = -16*p + 4. Let q be m(b). Calculate the greatest common divisor of q and 36.
12
Suppose -y + 11 + 11 = 0. Suppose -6*b + 3*v = -7*b - 191, b - 5*v + 159 = 0. Let z = b + 212. What is the highest common factor of y and z?
11
Suppose -2*v = -4 - 2. Suppose 15*c - 264 = v*c. Calculate the highest common divisor of c and 209.
11
Let b = -1 + 11. Let p = 2 + b. Suppose -o - 4*o - 1273 = -3133. What is the highest common divisor of o and p?
12
Let z = -9662 + 11825. What is the greatest common divisor of 4944 and z?
309
Suppose 3*t + 5*p = 83, 0 = 2*t + 8*p - 6*p - 62. Let x be -2 + (-8)/(-6) + 168/t. Calculate the highest common factor of 368 and x.
4
Suppose -2*n + 976 = -2*v, 109*v + 1457 = 3*n + 105*v. What is the highest common factor of 315 and n?
45
Let x be (-2 + -18)/(20/(-8)). Let b be (-84)/x*(-48)/28. What is the greatest common factor of b and 342?
18
Let y = -14 + 31. Let g = -7301 - -7369. What is the greatest common factor of y and g?
17
Let v be 6/12 - (-76)/8. Suppose 35*d - 2*h = 37*d - 180, 5*h + 270 = 3*d. Calculate the highest common factor of d and v.
10
Let r = -37718 - -42050. What is the greatest common divisor of r and 132?
12
Suppose 29*r = -43*r + 76*r - 84. Calculate the greatest common divisor of 16527 and r.
21
Let n(g) = 17*g**2 - 9*g + 36. Let h be n(7). Suppose h = -4*w + 3434. Calculate the highest common divisor of 73 and w.
73
Suppose u - 11 = -p + 34, 3*u - 141 = -5*p. Suppose 0 = 9*r - 139 - 131. What is the highest common divisor of u and r?
6
Let r(w) = 101*w + 1. Let n(k) = -2*k - 9. Let y be n(-8). Let v be r(y). Let x be v/20 + (-4)/10. What is the greatest common divisor of 10 and x?
5
Let i(d) = d**2 - 10*d + 20. Let l be i(2). Suppose 0 = 4*c - l*y - 1264, -c - 6*y + 308 = -9*y. Calculate the greatest common factor of c and 40.
40
Suppose -186*x = z - 189*x - 720, -4*z + 5*x + 2880 = 0. What is the greatest common divisor of z and 1600?
80
Let q = -183 - -946. Calculate the greatest common divisor of 35 and q.
7
Let m = -419 + 461. Let s = -8 + 14. Calculate the highest common divisor of s and m.
6
Let a(d) = d - 6. Let m = 23 - 79. Let p = -43 - m. Let h be a(p). What is the greatest common divisor of h and 49?
7
Let m be (-10)/10 - -34 - 10. Suppose 15*s = 17*s - 368. Calculate the greatest common factor of m and s.
23
Let v(b) = b**3 - 35*b**2 + 37*b + 51. Suppose 4*q - w = 133, 4*q - 2*w - 81 = 49. Let h be v(q). What is the highest common factor of 34 and h?
17
Le